*3 + 1. What is the remainder when o(1) is divided by (2 + 2 + -2)/((-14)/(-56))?
4
Let u = -177 + 185. What is the remainder when 50 is divided by u?
2
Suppose 18*c - 2 = 17*c. Suppose -3*l + 4*d + 3 = -17, c*l + 2*d = 4. Suppose -l*a - 5 + 97 = 0. Calculate the remainder when 66 is divided by a.
20
Let g be 2*(32/40)/(2/10). Let h = 9 + g. What is the remainder when 28 is divided by h?
11
Let w = 27 + -65. Let c = w - -78. Calculate the remainder when c is divided by 11.
7
Let o = 162 + -33. Suppose 4*p + 0*v - 5*v = 129, 0 = -2*p + v + 57. What is the remainder when o is divided by p?
25
Let c(t) = -t**3 + 2*t**2 + 14*t - 5. Let r be c(5). Let s = 43 + r. Calculate the remainder when s is divided by 6.
3
Let d = -210 - -316. Suppose -2*g + 3*g = d. Calculate the remainder when g is divided by 12.
10
Let x(n) = 3*n**2 - 4. Let a be x(-2). Calculate the remainder when (-4 - a)*14/(-3) is divided by 15.
11
Calculate the remainder when 171 is divided by (-3874)/(-130) - (-1)/5.
21
Let s be ((-9)/(-6))/((-15)/(-320)). Let k = 38 - s. What is the remainder when 21 is divided by k?
3
Suppose -882 = d - 909. What is the remainder when 130 is divided by d?
22
Suppose 0 = h + y - 62, -190 = -4*h + h - 2*y. Calculate the remainder when h is divided by 7 + (-3)/1 - (-38)/2.
20
Suppose 0 = -3*b - 0*b + 30. Suppose 0 = 6*n - 104 - b. Suppose -6*v + v = -275. What is the remainder when v is divided by n?
17
Suppose 137*q - 9*q - 18944 = 0. Calculate the remainder when q is divided by 61.
26
Suppose -4*g + 11 = -1. Suppose -3*k + 2*k = -2*u - 27, -3*k = -u - 61. What is the remainder when k is divided by (-12 - -15)*5/g?
4
Suppose -6*v + 28 = -20. Suppose 0 = 3*o - o - 3*x - 36, -x + v = o. What is the remainder when 30 is divided by o?
6
Let w = 31 - 23. What is the remainder when 28 is divided by w*(-4 - -1 - -4)?
4
Suppose -23*s + 158 = -486. Calculate the remainder when s is divided by 14.
0
Suppose -8054 - 766 = -42*r. Calculate the remainder when r is divided by 100.
10
Let k be ((-3)/9 - -1)*3. Let r be (-2)/(10/8*18/(-225)). Suppose k = 2*w - r. What is the remainder when 31 is divided by w?
9
Let j(z) = 62*z - 30. Calculate the remainder when j(4) is divided by 37.
33
Let p(v) = v**3 - 8*v**2 + 8*v - 18. Let a be p(8). Let x = a - -10. Calculate the remainder when 221 is divided by x.
53
Suppose 2*t = 5*x - 23, -x - 4*t - 11 = -4*x. Let s = x + 6. What is the remainder when 97 is divided by s?
9
Suppose 5*g + d = 17, -11 = -g + 2*d - 1. Suppose -g*v = 3*y - 48, 4*y - 24 = -2*v - 0. Calculate the remainder when 34 is divided by v.
10
Let i be ((-36)/(-30))/(6/20). Suppose i = 2*g, -4*q + g + 138 = 2*g. Let w = 3 + 6. Calculate the remainder when q is divided by w.
7
Let l(z) = -z**3 + 6*z**2 - 7*z + 16. What is the remainder when 77 is divided by l(5)?
5
Suppose a = 2*a + 4*c - 15, 3*c = -5*a + 58. Suppose -10*v - 119 + 439 = 0. Calculate the remainder when v is divided by a.
10
Let o = 33 + -24. What is the remainder when 15 is divided by 728/117 + (-2)/o?
3
What is the remainder when (-19973)/(-25) - 70/(-875) is divided by 10?
9
Suppose -2*w + 2 = -4. Let i = -20 - -22. Calculate the remainder when 3 is divided by (i/6 - 0)*w.
0
Let m = 43 - 43. Suppose m = 3*g + 3*d - 66, 0 = -6*g + 3*g + 5*d + 34. Calculate the remainder when 32 is divided by g.
14
Let k(m) = -3 + 2 - 5 - 1 + 12*m. Let h(p) = 6*p - 3. Let w(z) = -5*h(z) + 2*k(z). What is the remainder when 74 is divided by w(-4)?
24
Let z(a) = -a**3 - 19*a**2 - 15*a + 154. Calculate the remainder when z(-18) is divided by 169/5 + (-2)/(-10).
32
Let k(s) = -s + 8. Let h be k(10). Let f = 14 + -8. Let d = f - h. What is the remainder when d is divided by 6?
2
Suppose -2*i = 3*u + 52 - 6, -36 = 2*u + 4*i. What is the remainder when 29 is divided by (6/(-10))/(-1 + u/(-15))?
2
Let k be ((-5574)/9)/((-2)/3). Suppose -2*f = 5*i - f - k, -2 = 2*f. Calculate the remainder when i is divided by 38.
34
Let v(h) = 3*h**2 - 5*h - 69. What is the remainder when v(15) is divided by 133?
132
Suppose -293*k + 959 = -286*k. What is the remainder when 404 is divided by k?
130
Let i = -46 - -74. Suppose 27*r - 23*r - i = 0. What is the remainder when 18 is divided by r?
4
Suppose -17*c + 329 = 40. What is the remainder when c is divided by 8?
1
Let g(j) = 6*j + 1. Suppose 2*s = 4*o - 2*s - 16, -2*o + 28 = 2*s. What is the remainder when g(4) is divided by o?
7
Suppose -5*w - 80 = -2*c - 3*w, -5*w + 88 = 3*c. Suppose -2*f - c = f. Let z = f - -20. What is the remainder when 13 is divided by z?
5
Let l be (-515)/(-35) - 2/(-7). Suppose -4*h + l*h = 1122. What is the remainder when h is divided by 15?
12
Let y(r) = 2*r**2 - 8*r + 6. Let u = 8 - 3. Suppose g - 37 = -7. Calculate the remainder when g is divided by y(u).
14
Let s(q) = -q**3 + 8*q**2 + 5. Let b be s(8). Suppose b*p = 20, 2*d + 2*p - 6*p = 10. Calculate the remainder when 64 is divided by d.
12
Let h = 12 + -12. Suppose h = 4*a - 8*a + 192. Calculate the remainder when a is divided by 13.
9
Suppose -153*t = -156*t + 120. Calculate the remainder when 136 is divided by t.
16
Let f(s) = -s**3 - s**2 - s. Let z be f(-2). Let m(p) = 5*p - 2. Calculate the remainder when m(z) is divided by 10.
8
Let w = -674 - -740. Calculate the remainder when 385 is divided by w.
55
Let k = 55 - 23. Calculate the remainder when 94 is divided by k.
30
Suppose 4*o + 245 = c + 6*o, 5*c + o = 1270. Calculate the remainder when c is divided by 20.
15
Suppose -w = -7*v + 10*v - 60, 4*v = 5*w - 243. What is the remainder when 148 is divided by w?
46
Let o(l) = -l**2 + 13*l + 21. Let p be o(15). Let w = p + 26. What is the remainder when w is divided by 3?
2
Let g = -1632 - -1649. Calculate the remainder when 812 is divided by g.
13
Suppose 5*i + 3*c - 1 = -20, -5*c + 10 = 0. Let b = 36 - 30. Calculate the remainder when (-293)/i - b/(-15) is divided by 15.
14
Let n(d) = -d**2 + 8*d + 13. Let r be n(9). Suppose r*x + 5*g + 13 - 58 = 0, 25 = 5*g. Suppose -24 = l - x*l. Calculate the remainder when l is divided by 2.
0
Suppose 2*i + 6 = 5*i. Suppose -8 = 4*j + p, -4 = 3*j + 5*p + i. What is the remainder when 44 is divided by j/(-5) - 791/(-35)?
21
Let z be (-2)/10*-223 - (-2)/5. Suppose 72 = -z*w + 49*w. What is the remainder when 57 is divided by w?
3
Suppose -3*a + 8*a = 0. Let k = 67 + -72. Let l = a - k. What is the remainder when 12 is divided by l?
2
Let n(p) be the first derivative of p**3/3 + 7*p**2/2 - 4*p + 7. Calculate the remainder when n(-9) is divided by -2*3/6 + 6.
4
Suppose y + 128 = -3*y. Let m = y + 59. Let o(x) = -x**3 + 27*x**2 + 10. What is the remainder when m is divided by o(27)?
7
Suppose -2*d + 18 = 3*w, 6*w - w - 37 = -d. Let g = 6 + w. What is the remainder when g is divided by 6?
2
Calculate the remainder when 148 is divided by 1*(-9 - -168)/3.
42
Let a be -421 + (7 - 1) - (-3 - -1). Let d = 604 + a. What is the remainder when d is divided by 39?
35
Suppose 30 = a - 0*a. Let s(o) = -o**2 + 13*o - 20. Let m be s(11). What is the remainder when a is divided by (-1 + -7)/(m/(-4))?
14
Let k = -215 + 331. Suppose 4*z - 3*r - 132 = 0, -4*z = -0*r + r - k. Calculate the remainder when z is divided by (-194)/(-18) - 24/(-108).
8
Let o = 801 + -772. What is the remainder when o is divided by 15?
14
Suppose 3*n = 7*n + 3*c - 701, -3*c = n - 164. Let r = 21 - n. What is the remainder when 34 is divided by (-12)/(-54) + r/(-18)?
7
Suppose 0 = -4*n - i + 3*i + 72, 4 = n + 3*i. Suppose -3*g - 700 = -7*g - 4*k, 697 = 4*g + 3*k. What is the remainder when g/6*3/14*7 is divided by n?
11
Let c(m) = -m**2 + 10*m - 2. Let f be c(8). Suppose f = 3*t - 112. Calculate the remainder when t is divided by (-1 - 48/(-6)) + 4.
9
Let h(b) = -49*b - 226. What is the remainder when 43 is divided by h(-5)?
5
Let a(i) = i**3 + 15*i**2 - 8*i - 44. Calculate the remainder when 220 is divided by a(-15).
68
Suppose -4*s + 345 = -19. What is the remainder when s is divided by 31?
29
Let x(z) = z**2 + 22*z - 257. Calculate the remainder when 32 is divided by x(-31).
10
Let y(j) = -j**3 + 7*j**2 + 3*j - 3. Calculate the remainder when 139 + 21/(-70) + (-115)/(-50) is divided by y(7).
15
Let o(h) = h. Let w(i) = -15 - 14 + 11 - 10*i. Let p(l) = -12*o(l) - w(l). What is the remainder when p(-